 be v(-1). Let q be -4*(0 + y/4). Suppose -q*t + 25 = -0, 4*t - 48 = -4*r. List the prime factors of r.
7
What are the prime factors of (1/(1/104))/2?
2, 13
Suppose 0 = 16*z - 6*z - 350. What are the prime factors of z?
5, 7
Suppose 30 = 3*h - 6. List the prime factors of (h/(-7))/((-4)/42).
2, 3
Let i(d) = 20*d**2 - 2*d - 1. Let y be ((-1)/2)/((-5)/(-10)). Let x be i(y). Let r = -12 + x. What are the prime factors of r?
3
Let i(s) = -s**3 - 6*s**2 - s + 2. Let d be i(-6). Let l(q) = -q**3 - 4*q**2 - 4*q - 2. Let u be l(-3). What are the prime factors of u/4 + 22/d?
3
Let q = -1 + 3. Let w be 6/27 - (-106)/9. Suppose -2*p = q*t - 6*t + 42, -4*p = -w. What are the prime factors of t?
2, 3
Suppose -5*a + 41 = -99. List the prime factors of a.
2, 7
Let c = 2 - -1. Suppose 3 = c*p, 5*p - 20 = -4*d + d. List the prime factors of d.
5
Suppose -3*g - g = 5*r - 393, 0 = -5*g - r + 486. What are the prime factors of g?
97
Suppose 0 = 4*p - 4*r - 636, 2*p = 3*p - 2*r - 162. List the prime factors of p.
2, 3, 13
What are the prime factors of (125/15 - -4)*3?
37
Let j = -172 - -86. Let a = -60 - j. Suppose -a = -4*y + 2*y. List the prime factors of y.
13
What are the prime factors of 788/(20/5) - 4?
193
Suppose -5*i + 20 = -2*f + 301, -5*f + 630 = 2*i. List the prime factors of f.
2
Let p = 327 + 7. List the prime factors of p.
2, 167
What are the prime factors of 1*((-323)/(-38))/(1/2)?
17
What are the prime factors of 1*-2*(1 - 0)*-26?
2, 13
Suppose -z + 4 = -0*z. Let b = z + -2. List the prime factors of (-5)/(-3 - b*-1).
5
Let f(n) = -2*n**3 - 3*n**2 + 7*n - 3. Let t be f(-5). Suppose 6*a = 79 + t. List the prime factors of a.
2, 3
Let v = 97 + -41. Suppose 0 = -5*g + v + 44. List the prime factors of g.
2, 5
Suppose -4*f = -139 - 193. What are the prime factors of f?
83
Let r(x) = -3*x - 10. Let w be ((-4)/(-12))/((-2)/(-6)). Let n(a) = -8*a**3 + a**2 + a - 1. Let q be n(w). List the prime factors of r(q).
11
Suppose 3*w - 2*w - 1 = 0. Suppose -x = w + 1. Let g = 6 + x. What are the prime factors of g?
2
Let h(d) = -d**3 + 3*d**2 + 3*d - 3. Let u be h(3). Let q be 1/3 + (-10)/(-6). Suppose u = q*x - 8. List the prime factors of x.
7
Suppose -4*q = -2*s + 236, 4*s + 3*q - 4*q = 437. List the prime factors of s.
2, 3
Let f(m) = -m**3 + 5*m**2 + 7*m - 3. Let p be f(6). Suppose -p*u + 0*u + 12 = 0. List the prime factors of u.
2
Let r(z) = -18*z - 2. List the prime factors of r(-1).
2
Let q(w) be the third derivative of -w**6/120 + w**5/60 + w**4/3 + w**3/2 + 5*w**2. What are the prime factors of q(-3)?
3, 5
Suppose -f = 4*f - 50. What are the prime factors of f?
2, 5
Suppose 0*z + 240 = 4*z. Suppose 2*x + 2*x = z. Let k = x - 9. What are the prime factors of k?
2, 3
Suppose 2 = -5*q - 13. Let d(h) = -h + 4. List the prime factors of d(q).
7
Suppose 0 = -17*g + 23*g - 300. What are the prime factors of g?
2, 5
Let w(n) = -n**2 + 5*n + 2. Let i be w(4). Let u(h) = h**2 - 2*h - 2. List the prime factors of u(i).
2, 11
Suppose f + 660 = 6*f. List the prime factors of f.
2, 3, 11
Suppose u = -u - 32. Let z = u - -38. List the prime factors of z.
2, 11
Let l(g) = g + 2. Let a be l(2). Suppose z = -0*z + a. Suppose m + m - z = 2*o, 0 = m + 3*o - 22. What are the prime factors of m?
7
Let r(y) = y**2 - 5*y + 4. Suppose -z - 2*m + 2 = -2*z, 0 = 4*z - m - 27. Let n be r(z). Suppose -f = -5*f + n. List the prime factors of f.
7
Let h(w) = 4*w + 15. List the prime factors of h(7).
43
Let q = 1 + -2. List the prime factors of (-4)/(-2) + q - -20.
3, 7
Let r be (0/(2 - 5))/(-1). Let j be (1 + -1)/(-2 - r). Suppose -5*b + j*b = -45. What are the prime factors of b?
3
Let v(g) = -g**2 - 8*g - 1. Let q be v(-7). Suppose -2*p - 14 = -5*p - 5*d, 0 = -3*d - q. What are the prime factors of p?
2
Let i(f) = 0*f**2 + 0*f**2 + f + 1 + f**2 + 0*f. List the prime factors of i(-4).
13
Let z = -15 - -21. Suppose -2*g - 3*f + 13 = 0, 3*g + 2*f - 4*f - 39 = 0. Let r = g - z. What are the prime factors of r?
5
Let w(k) = -k + 1. Let d be w(4). What are the prime factors of (-121)/d + (-6)/(-9)?
41
Let p be ((-3)/2)/((-3)/(-4)). Let m(l) = 2*l**2 + 4*l + 3. Let o be m(p). Suppose -8 = -k - o*k. List the prime factors of k.
2
Let a(i) = i - 1. Let k(n) = -n - 12. Let j(x) = -2*a(x) - k(x). What are the prime factors of j(8)?
2, 3
Let p(a) = 2*a - 2. Let s be 1*(1 + 5) - -1. List the prime factors of p(s).
2, 3
Let z(a) = 2*a + 4. Suppose 0 = 3*n - 4*n + 7. What are the prime factors of z(n)?
2, 3
Suppose -2*z = -0 - 2. Let v(n) = -n + z - 2 - 5. List the prime factors of v(-8).
2
Let t = 110 - 135. Suppose -3*j - 2*j = 5*r - 190, 0 = 5*r - 2*j - 183. Let a = r + t. List the prime factors of a.
2, 3
Suppose m = -2*f - 3*f - 5, -4*f = -4. Let w = 19 + m. List the prime factors of w.
3
Suppose 3*y - 237 = -3*i, -i - 25 + 101 = -2*y. What are the prime factors of i/(-9)*6*-1?
2, 13
Suppose 5*h - 2*g - 1972 = g, -3*h = 2*g - 1168. List the prime factors of h.
2, 7
Suppose -k + 8 = 2*c - 33, 2*c - 38 = 2*k. List the prime factors of (-126)/(-10) - (-8)/c.
13
Suppose 0 = 6*l - 76 - 152. What are the prime factors of l?
2, 19
Suppose -m - 3*n - 5 + 17 = 0, 2*m = -n + 24. Let v = m + -7. List the prime factors of v.
5
What are the prime factors of (2 + (-1 - -3))/((-4)/(-18))?
2, 3
Let q be (6/(-6))/((-2)/22). Let k = q + 3. What are the prime factors of k?
2, 7
Suppose -3*q - 5 + 17 = 0. Let v be (3/(-2))/((-2)/28). Suppose 3*z + 21 = 3*k, -3*z + v = q*k - k. What are the prime factors of k?
7
Let d = 5 + 8. List the prime factors of d.
13
Suppose 512 = i + 7*i. List the prime factors of i.
2
Let s be (-19)/(-2)*1*-4. Let b = -25 - s. What are the prime factors of b?
13
Let z be (-6)/(11/9 - 1). Let f be 0 - (-3)/(-2) - (-81)/(-6). Let u = f - z. List the prime factors of u.
2, 3
Suppose 248 = 4*x - 2*i, 0 = -0*x - 3*x + 5*i + 186. Let d = x - 90. Let j = d - -40. List the prime factors of j.
2, 3
Suppose 8*d - 604 - 44 = 0. What are the prime factors of d?
3
Let i(j) be the third derivative of -j**4/24 + j**3/6 - 6*j**2. Suppose -17 = 5*o - 7. List the prime factors of i(o).
3
Let a(t) = -7*t - 8. Let q(i) = 20*i + 23. Let o(l) = 17*a(l) + 6*q(l). Let f be o(-2). Suppose f = 5*j - 0 - 55. What are the prime factors of j?
11
Let z = -16 + 21. Let k(c) = 2*c - 6. Let y be k(5). Suppose 0*d = -d + z*b + 16, -4*b - 32 = -y*d. What are the prime factors of d?
2, 3
Suppose 3 = a - 2. Suppose -2*q - 30 = -2*d - 2*d, d - a*q - 3 = 0. Suppose 36 + d = 4*r. What are the prime factors of r?
11
What are the prime factors of (-3)/((-15)/(-2))*-65?
2, 13
Let s = 51 + -3. What are the prime factors of s?
2, 3
Suppose 2*w - 321 = -3*u, 0 = 4*w - u - 656 + 21. List the prime factors of w.
3, 53
Suppose -t - 3*t = -a + 16, -t - 4 = -2*a. Suppose 35 + 13 = 3*i. What are the prime factors of (5/(-4))/(t/i)?
5
Suppose 0 = 2*p - 2*n - 2*n, -p - 6 = 4*n. Let v be p*(0 - 1 - 0). Suppose 0 = -v*j + 16 - 0. What are the prime factors of j?
2
Let v = 1 + -4. Let c(w) = 4*w**3 - 4*w**2 - 12*w - 9. Let z(t) = -t**3 - t**2 + t + 1. Let i(p) = v*z(p) - c(p). List the prime factors of i(8).
2, 7
Suppose 3*v = 18*v - 1215. What are the prime factors of v?
3
Suppose 2*c + 3*c + 15 = 0. Let a(l) = -l**3 - 3*l**2 - 2*l. Let m be a(c). What are the prime factors of m/9*(1 + 2)?
2
Let q(v) = -v**2 + 7*v - 4. Let m be q(6). Suppose m*z = 3*z. Suppose 2*k + 3*k - 50 = z. List the prime factors of k.
2, 5
Suppose -b - 60 = 3*b. Let c = b - -11. Let g = 1 - c. List the prime factors of g.
5
Let r = -176 - -331. List the prime factors of r.
5, 31
Suppose -5*u = -2*u + 6. List the prime factors of 23 - 2/u - 3.
3, 7
Let s(m) = m + 17. What are the prime factors of s(-6)?
11
Suppose 5*g = g + 12. Suppose 0 = g*q + 2 - 35. What are the prime factors of q?
11
List the prime factors of (13 - -29)*(-6)/(-7).
2, 3
Let m = -133 + 358. List the prime factors of m.
3, 5
Suppose -s = 5*i - 2*s + 42, -i - 4*s = 0. Suppose n + 4*z + 3 = -0, -2*n + z = 6. Let g = n - i. List the prime factors of g.
5
Let o = -8 - -11. Suppose l = 5*t + 5, 0 = 5*l + o*t + t - 170. What are the prime factors of l?
2, 3, 5
What are the prime factors of (-3*3/(-9))/((-4)/(-648))?
2, 3
Suppose 0 = -4*o, -2*k + o - 3*o = -220. What are the prime factors of k?
2, 5, 